test common divisor of 5 and 46933195.
5
Calculate the highest common divisor of 460312 and 277752.
1304
What is the highest common divisor of 3005698 and 372?
62
What is the highest common divisor of 5659980 and 12351?
537
What is the highest common divisor of 10594107 and 335?
67
Calculate the highest common divisor of 9604 and 2348.
4
Calculate the highest common factor of 141045308 and 19368.
1076
What is the highest common factor of 68175 and 2137968?
2727
Calculate the greatest common divisor of 73731 and 59388.
21
Calculate the highest common divisor of 4461726 and 522582.
2082
Calculate the highest common factor of 186 and 2315762.
62
Calculate the greatest common factor of 73647 and 9136737.
1503
What is the greatest common factor of 341 and 1323297?
31
Calculate the highest common factor of 835 and 313030311.
167
Calculate the greatest common factor of 2953744 and 464.
16
Calculate the highest common factor of 46509243 and 319.
319
What is the greatest common divisor of 34666165 and 285?
95
What is the highest common factor of 61804 and 1648884367?
15451
What is the highest common factor of 1182 and 44310?
6
Calculate the greatest common factor of 17309 and 368044.
911
What is the greatest common factor of 5459 and 585967?
103
Calculate the greatest common divisor of 370 and 17274110.
10
What is the highest common divisor of 7847 and 11564?
413
Calculate the highest common divisor of 17129119 and 6738.
1123
Calculate the highest common divisor of 2960262 and 137709.
963
What is the highest common divisor of 5626806 and 42?
6
Calculate the highest common divisor of 11584886 and 1754518.
6334
Calculate the greatest common divisor of 618300 and 129600.
2700
What is the highest common divisor of 1709815200 and 25?
25
What is the highest common factor of 36794736 and 89?
89
What is the greatest common factor of 152118 and 86?
2
What is the greatest common divisor of 339858 and 83424?
474
What is the highest common factor of 16358278 and 949?
73
What is the highest common divisor of 121197 and 20484?
1707
What is the highest common factor of 2461617 and 1211?
173
Calculate the greatest common factor of 47432 and 110557216.
6776
What is the highest common factor of 2269355 and 15345?
1705
What is the greatest common factor of 12217 and 12464?
19
Calculate the greatest common divisor of 1062807 and 8264659.
4853
What is the highest common factor of 173793 and 688047?
57
What is the highest common factor of 215377 and 3589?
37
What is the highest common factor of 15099 and 37023?
21
What is the highest common factor of 68024 and 22792678?
1546
Calculate the highest common divisor of 7875 and 329175.
1575
Calculate the greatest common factor of 16167450 and 2670.
30
What is the greatest common divisor of 22393 and 787411?
457
What is the greatest common divisor of 1547038 and 15598?
1418
Calculate the greatest common factor of 9450 and 143478.
54
What is the greatest common factor of 114 and 10105302?
114
Calculate the greatest common divisor of 90248805 and 2241.
747
Calculate the greatest common divisor of 2604 and 31528.
28
What is the highest common divisor of 71250 and 234375?
1875
What is the highest common factor of 496620 and 285820?
620
Calculate the greatest common divisor of 312 and 4781592.
24
Calculate the highest common factor of 43797 and 1539449951.
14599
Calculate the highest common divisor of 985920 and 3069703.
1027
Calculate the greatest common factor of 43481 and 16.
1
Calculate the greatest common factor of 6116 and 394658.
22
What is the greatest common factor of 153180339 and 78?
39
What is the greatest common factor of 74863074 and 1248?
78
What is the highest common factor of 4682913 and 15486?
267
Calculate the greatest common divisor of 107592480 and 1440.
1440
Calculate the greatest common factor of 1880666 and 2515958.
5042
What is the highest common factor of 415132 and 12559292?
6196
Calculate the greatest common divisor of 114017 and 31414.
113
What is the highest common factor of 5473999 and 13783?
179
Calculate the highest common divisor of 3486 and 30810.
6
What is the highest common factor of 61584 and 27408?
48
Calculate the highest common divisor of 6020270 and 35150.
370
What is the highest common divisor of 19612126 and 157?
157
What is the greatest common divisor of 142 and 37298217?
71
Calculate the highest common divisor of 60 and 243460180.
20
What is the highest common divisor of 143805 and 1905?
15
What is the greatest common divisor of 6219743 and 3904?
61
What is the greatest common factor of 13450621 and 136?
17
What is the greatest common divisor of 406 and 6441778?
14
Calculate the highest common divisor of 33 and 114634003.
11
What is the highest common divisor of 34815399 and 14605?
2921
What is the highest common divisor of 504 and 5546142?
126
Calculate the greatest common factor of 49 and 115190019.
7
Calculate the highest common divisor of 4927842 and 3726.
414
What is the highest common factor of 60509553 and 386?
193
Calculate the highest common factor of 1126360 and 287416.
7768
What is the highest common divisor of 981154 and 2?
2
What is the highest common factor of 185256 and 60264?
2232
What is the highest common divisor of 4179872 and 8?
8
What is the highest common factor of 1074242 and 31837?
1027
Calculate the greatest common divisor of 911 and 861117284.
911
What is the highest common factor of 5344146 and 33026?
674
Calculate the greatest common factor of 547650 and 6390.
90
What is the greatest common factor of 500 and 14022900?
100
What is the greatest common factor of 4445982 and 24166?
562
What is the greatest common divisor of 1045800936 and 1032?
1032
Calculate the highest common factor of 2304 and 38237688.
72
Calculate the greatest common divisor of 2088308 and 460.
92
What is the highest common factor of 11382492 and 11?
11
Calculate the highest common divisor of 749112 and 11592.
168
Calculate the greatest common divisor of 395380 and 15910315.
1865
What is the greatest common divisor of 23006388 and 584?
292
Calculate the greatest common factor of 68338787 and 1023.
341
Calculate the greatest common divisor of 1906067 and 4087.
61
Calculate the greatest common divisor of 4323088 and 8712.
968
Calculate the greatest common divisor of 808468 and 23694.
718
What is the highest common divisor of 418444 and 130572?
52
What is the greatest common factor of 21190284 and 2592?
36
Calculate the highest common divisor of 494 and 37559846.
38
Calculate the highest common factor of 54030041 and 13.
13
Calculate the greatest common factor of 3576 and 99979.
149
Calculate the greatest common divisor of 1113304126 and 374.
374
What is the greatest common factor of 119035 and 122987?
19
Calculate the greatest common divisor of 6380 and 9119688.
116
What is the highest common factor of 3021121 and 24140?
1207
Calculate the greatest common divisor of 891 and 3332097.
81
What is the highest common factor of 227 and 214018097?
227
What is the highest common factor of 1344 and 7385568?
96
What is the greatest common divisor of 49212516 and 148?
148
Calculate the greatest common divisor of 42912 and 804624.
48
What is the greatest common divisor of 3679 and 6331?
13
Calculate the highest common factor of 1045 and 1959100.
55
What is the greatest common divisor of 8677514 and 13294?
578
Calculate the highest common divisor of 6711357 and 237.
3
Calculate the greatest common factor of 181946 and 365429.
29
Calculate the greatest common divisor of 17399221 and 333515.
5131
Calculate the greatest common factor of 35040 and 895856.
1168
Calculate the highest common divisor of 198 and 3596400.
18
Calculate the highest common factor of 3635928 and 26244.
324
Calculate the highest common factor of 12636704 and 64.
32
What is the greatest common factor of 89666 and 508250?
214
What is the greatest common divisor of 194855542 and 37?
37
Calculate the greatest common divisor of 82894788 and 4131.
153
What is the highest common factor of 13748 and 18887788?
1964
What is the greatest common factor of 12933170 and 70?
10
Calculate the highest common divisor of 104637 and 86151.
39
Calculate the greatest common divisor of 50352960 and 576.
192
Calculate the highest common factor of 114076 and 2